*a - 97*a. What is the hundreds digit of a?
1
Suppose 2*t - 7*t + 2730 = 0. What is the units digit of t?
6
Let t = -146 + 189. Let x(w) = w**2 - 30. Let c be x(0). Let y = t + c. What is the tens digit of y?
1
Let c = 9 - -3. Suppose n + k = 3, 4*n - 2*k - c = -4*k. Suppose 6 + 21 = 5*p + 3*u, 0 = -n*p - 4*u + 14. What is the units digit of p?
6
Let c = 1748 + 20. What is the tens digit of c?
6
Suppose 0 = 3*y + 3*j - 51, -y = -j - 2*j + 3. Suppose -3*n = 3*t + n + 16, -3*t = 3*n + y. Suppose t = -2*o + 4*o - 28. What is the tens digit of o?
1
Let n(k) be the third derivative of -2*k**5/15 + k**4/8 - k**2. Let w be n(2). What is the tens digit of w*((-1)/2 - 0)?
1
Let w(m) = 6*m**2 - 1. Suppose 0 = -3*b + 5*b - 2. Let v be w(b). Suppose 3*r = r + q + 16, 29 = v*r + 3*q. What is the units digit of r?
7
What is the tens digit of 3*(-3 + 642/9)?
0
Let i be (2 - 1)*(0 - -30). What is the tens digit of (1*14)/(20/i)?
2
Let s(y) be the second derivative of y**3/2 - 10*y**2 + 9*y. Let k be s(8). What is the units digit of 1*k/12*3?
1
Suppose 368 = 3*a - 37. Suppose 6*m - a = -15. What is the tens digit of m?
2
Let z = 522 - 96. What is the hundreds digit of z?
4
Suppose 0 = -12*g + 24600 + 38388. What is the thousands digit of g?
5
Let m(j) = 7*j**3 - 3*j**2 + 4*j - 1. Let y(k) = -35*k**3 + 16*k**2 - 21*k + 6. Let i(n) = -11*m(n) - 2*y(n). What is the units digit of i(-2)?
3
Let k(m) = m - 8. Let p be k(7). Let c(s) be the third derivative of -3*s**6/40 - s**5/30 - s**4/8 - s**3/3 - 3*s**2. What is the units digit of c(p)?
8
Let g = -186 - -1598. What is the thousands digit of g?
1
Let h be (8/3)/((-1)/36). Let n(q) = 2*q**2 + 2*q + 8. Let i be n(8). Let y = i + h. What is the units digit of y?
6
Let l = -27 + 265. Let o = l - 127. What is the units digit of o?
1
Let u(d) = 2*d**2 - 138 + 128 + 12*d + 2*d**2 - 5*d**2. Let m be u(9). Suppose 261 = 4*j + m. What is the units digit of j?
1
Let z(v) = 5*v + 8. Let q be z(-8). Let j = 36 + q. What is the units digit of j?
4
Let k(h) be the first derivative of 23*h**3/3 - h**2 - 2*h + 42. What is the tens digit of k(-2)?
9
Let a = -76 - -76. Suppose a = -4*h + 6*h - 486. What is the hundreds digit of h?
2
Suppose 13805 + 937 = 13*i. What is the thousands digit of i?
1
Let s be -6*(-4)/12 + 1. Let x(h) = 3 + 4*h**3 - 2*h**3 - 4*h**3 - 3*h + 14*h**2 + 3*h**s. What is the units digit of x(-14)?
5
What is the units digit of 501*(5/(-3) + 2)?
7
Let h be 27/18 - (-9)/2. Suppose 3*r - 5*x = h, r + 0*r - x = 4. What is the units digit of -4*(-12)/56*r?
6
Suppose 4*p = 3*c - 139, 4*c + p = 4*p + 183. Suppose 3*n + 30 = -c. Let v = n - -34. What is the units digit of v?
9
Suppose -3*k - k = z - 151, 5*k = 4*z - 604. Suppose -5*p = -z - 89. What is the tens digit of p?
4
Suppose -3*h + 3 = 4*c, 5*c - 5*h = -1 - 4. Suppose c = -2*w + u - 5*u + 64, 3*u + 186 = 5*w. What is the units digit of w?
6
Suppose 0 = -4*a + 26 + 2. Suppose a*l + l = 552. What is the units digit of l?
9
Suppose 0 = -42*i + 5512 + 872. What is the hundreds digit of i?
1
Let s(k) = -24*k - 72. What is the hundreds digit of s(-16)?
3
Suppose -3*c - 48 = 5*c. Let b(g) = -5*g + 26. What is the units digit of b(c)?
6
Let s = -5 + 8. Suppose 4*p = -s + 15. Suppose -b - p*i = -9, -b + 2*i + 9 = 7*i. What is the units digit of b?
9
Let p be -10*((-3)/6 - -1). Let x(b) be the first derivative of -b**4/4 - b**3 + 11*b + 13. What is the units digit of x(p)?
1
Let h(a) = 2*a**3 - 2*a**2 - 4*a + 4. Let y be h(2). Suppose -2*z + z = y*l - 70, 0 = -4*z + l + 246. What is the units digit of z?
2
Suppose -2*r - 4*p = p - 174, -3*r - 2*p + 250 = 0. Suppose 4*j = -109 - 31. Let q = j + r. What is the units digit of q?
7
Let b = 47 + -134. Let k = b + 156. What is the tens digit of k?
6
Suppose 7*d - 6301 + 1667 = 0. What is the units digit of d?
2
Suppose -33 = 12*j - 849. What is the units digit of j?
8
What is the thousands digit of (-229713)/(-99) - (-2)/(-6)?
2
Suppose 3*q + 9 = 0, 0 = 4*t + 5*q - 1706 - 963. Suppose -m + 3*h - t = -5*m, -2*m = 4*h - 338. What is the tens digit of m?
6
Let w be ((-12)/(-9))/4 - 73/3. What is the units digit of -2*(-3)/(w/(-652))?
3
Let c(j) = -110*j - 56. What is the tens digit of c(-7)?
1
Let f(l) = 76*l**2 - 45*l - 196. What is the thousands digit of f(-5)?
1
What is the hundreds digit of -9*(4 + 9/(-3) + -32)?
2
Suppose -11*j + 9*j = -800. Suppose -4*l = -5*u + 1018, -2*u - 4*l + 2*l + j = 0. What is the hundreds digit of u?
2
Suppose -3*x + 3 + 9 = 0. Suppose 8*w - 12 = x*w - 2*q, -5*w - 5*q = -20. What is the units digit of w?
2
Let o(y) = 38*y**2 + 5*y - 5. Suppose 4 = 4*a - 0. What is the units digit of o(a)?
8
Let b = -13 - -17. Suppose -40 = -b*t + 4*x, -5*t + x + 2*x = -58. Let u = -12 + t. What is the units digit of u?
2
What is the hundreds digit of -38 + 31 - (-802 - (1 + 2))?
7
Suppose f - 3*h - 12 = -f, 0 = 4*f - 4*h - 20. Let g be (f - (4 + -2))*-4. What is the units digit of (4 + 2)/((-3)/g)?
8
Suppose 5*y + 6 = -19. What is the units digit of (5/(y/(-2)))/(2/17)?
7
Suppose 3*v = -v + 108. Suppose 4*j = 0, -4*j = w - 27 - v. What is the tens digit of w?
5
Let c be (13*1)/((-14)/(-140)). Let p = c - 61. What is the units digit of p?
9
Let i = 9 + -9. Suppose -2*l = -0*l - 5*o - 113, -5*l + o + 225 = i. What is the tens digit of l?
4
Suppose 4*n = 9*n + 80. Let a be 1/2*n/(-2). Suppose -a*i + 6*i + 5*b - 30 = 0, -4*i = 3*b - 88. What is the units digit of i?
5
Let l = 25 + -22. Suppose -2*o = l*t - 288, 5*o = 5*t - t + 674. What is the units digit of o?
8
Let r = 2267 + -1422. What is the hundreds digit of r?
8
Let r be (8/5)/((-14)/(-1295)). Suppose -2*a + 44 + r = 0. What is the tens digit of a?
9
Let t = 154 + 252. What is the hundreds digit of t?
4
Let m(f) = 13*f**2 + 8*f. Let y be m(-6). Suppose 2*w = -v - 4*v + 295, -y = -3*w - 3*v. What is the units digit of w?
5
Suppose 5*h - 8 = 3*h. Suppose 0 = w - h*j - 19, 5*w = -0*w - j + 11. What is the tens digit of 12/(-8)*(-22)/w?
1
Let a(z) = -42*z + 2722. What is the thousands digit of a(0)?
2
Suppose -j + 0*j + 51 = 0. Let i = -352 - -443. Let y = i - j. What is the units digit of y?
0
Suppose 0 = -11*h + 2306 + 1819. What is the tens digit of h?
7
Let b(z) = -72*z - 34. What is the units digit of b(-3)?
2
Let j be 8/(-6)*-9*(-408)/(-9). Suppose 3*v = -2*i + 469, -3*v - 4*i - 83 = -j. What is the hundreds digit of v?
1
Let g = 5 + 1. Suppose 2*v - 62 = 4*p + 98, 4*p + 370 = 5*v. Suppose -g - v = -4*a. What is the tens digit of a?
1
Let m = 2522 + -1349. What is the hundreds digit of m?
1
Let p = 522 + -2. What is the hundreds digit of p?
5
Let i(l) = 2*l**2 - 27*l - 23. Let w be i(16). Let v = 217 - w. What is the tens digit of v?
6
Suppose 0 = -3*f - 2*r + 11111, -13*r + 12*r = -4. What is the thousands digit of f?
3
Let q = 1479 - 407. What is the hundreds digit of q?
0
Let s(l) = 145*l**3 - l**2 + 20*l - 46. What is the units digit of s(2)?
0
Let h(v) = -v**3 - 17*v**2 + 39*v + 45. What is the tens digit of h(-21)?
9
Suppose 4*d + 4*f + f = 18587, -5*d = -5*f - 23290. Let t be (-5)/(-25) + d/(-15). What is the tens digit of ((-1)/(-2))/((-5)/t)?
3
Suppose -5*g + 330 = -270. Let v be ((-6)/(-5))/(4/g). Suppose 0 = -0*j + 4*j - v. What is the units digit of j?
9
Suppose 0 = -4*q + 3*w + 8193, 4*q + 2030 = -4*w + 10258. What is the units digit of q?
2
Suppose 0 = 137*j - 138*j - 2, 5*z = -4*j + 20637. What is the thousands digit of z?
4
Suppose x = -5*t + 12, -t - 18 = -4*t + 3*x. Suppose g = 4*h + 169, 2*h - h = t*g - 485. What is the hundreds digit of g?
1
Let n(b) = -4*b**3 - b**2 - 14*b + 10. Let m(i) = -3*i**3 - i**2 - 10*i + 7. Let r(f) = -7*m(f) + 5*n(f). Let q = 1 + -3. What is the units digit of r(q)?
1
Let g(j) = -2*j**2 + 8*j - 7. Let k be g(2). Let v(n) = 1 - 3 + 48*n**2 + 1. What is the tens digit of v(k)?
4
Suppose 0 = 4*u - 658 + 42. Suppose 2*z = 4, 5*f - 15 - u = -2*z. What is the units digit of f?
3
Suppose -7*k - 170 = -2*k. Let u = -8 - k. What is the units digit of u?
6
Let p(a) = -8*a - 2. Let j(g) = -g. Let t(h) = -6*j(h) + p(h). Let k be t(-5). Let r = 34 - k. What is the tens digit of r?
2
Let h = 13 - -8. What is the units digit of 1 + -1 + (-7)/(h/(-132))?
4
Let t(d) = 167*d - 15. Let k be t(5). Suppose 0 = -5*f + 10*f - k. Wh